 base 5, what is 2431440 - 20224?
2411211
In base 10, what is -58008881 + -2?
-58008883
In base 10, what is -48117 + -40?
-48157
In base 12, what is 1b7028b + -4?
1b70287
In base 9, what is -224 + 16870?
16645
In base 10, what is 3 + 21873369?
21873372
In base 4, what is 221 + 11033113?
11100000
In base 9, what is 115 - -2713513?
2713628
In base 12, what is -97a3328 - -1b?
-97a3309
In base 3, what is 211200200021 - 2210?
211200120111
In base 12, what is -290 + -5266?
-5536
In base 8, what is 6 - -107246?
107254
In base 5, what is -1 - 14304142?
-14304143
In base 15, what is 2ca5a + 97?
2cb02
In base 7, what is -2 - 13450200?
-13450202
In base 15, what is -e - 8778?
-8787
In base 5, what is -3 - 11412430111?
-11412430114
In base 10, what is 23169 + -39?
23130
In base 7, what is 1 - -26620011?
26620012
In base 14, what is -16616 - 47d0?
-1b006
In base 4, what is 2330213120 + 10311?
2330230031
In base 9, what is 5755001 + -8?
5754882
In base 6, what is -11 + 14553433?
14553422
In base 14, what is -71 + 7973a?
796a9
In base 10, what is -2 - -212506940?
212506938
In base 4, what is -3120102 + -1003132?
-10123300
In base 9, what is -208631 - 2407?
-212138
In base 4, what is -10220300 + -31122021?
-102002321
In base 3, what is 1002220210220110 + 1222?
1002220210222102
In base 14, what is -3a6660 - 43?
-3a66a3
In base 15, what is -a - 6416c00?
-6416c0a
In base 15, what is -41e - -24d06?
248d7
In base 10, what is 1618 - -176149?
177767
In base 14, what is -1593 + -3d16?
-54a9
In base 3, what is -2011221210 + 1012201?
-2010202002
In base 15, what is -850 + -d649?
-de99
In base 6, what is -2312 + 24302?
21550
In base 5, what is 1233333241 - 121?
1233333120
In base 15, what is -625 - -21d28?
21703
In base 6, what is 1554022 - -34441?
2032503
In base 11, what is 124363 - a2?
124271
In base 8, what is -1635 - 1060427?
-1062264
In base 3, what is -210020 + 22122002121?
22121022101
In base 2, what is 101100011100 - -10100010100011111?
10101000000111011
In base 5, what is -334443131302 + -1?
-334443131303
In base 10, what is -163 - 445247?
-445410
In base 12, what is -184357 - -3?
-184354
In base 6, what is -1 + 304233510?
304233505
In base 14, what is -3 + -2351a1d7?
-2351a1da
In base 6, what is 45512535 + 102?
45513041
In base 6, what is -1321045 - 20?
-1321105
In base 2, what is -10111101000101000101 + 110111?
-10111101000100001110
In base 13, what is -80c7c12 - -9?
-80c7c06
In base 16, what is -10 - d47?
-d57
In base 3, what is -211002201122120210 + 1?
-211002201122120202
In base 7, what is -22 + 216260?
216235
In base 9, what is 5114016 - 4?
5114012
In base 2, what is 1101010110001100000 + 1011?
1101010110001101011
In base 12, what is -2 + -789686?
-789688
In base 8, what is -17761320 + -5?
-17761325
In base 4, what is -3213320 - -1322210?
-1231110
In base 2, what is 101 + 100110011011011001010000?
100110011011011001010101
In base 9, what is 52243 + 1671?
54024
In base 13, what is 10163c9c + 3?
10163ca2
In base 16, what is -5437 + 67?
-53d0
In base 14, what is 4 + -664a5d?
-664a59
In base 15, what is -654 - -e183?
da2e
In base 13, what is -43a66 - 996?
-4472c
In base 12, what is -42 - -80311?
8028b
In base 12, what is -2 + 765ab03?
765ab01
In base 12, what is 5 - -2026b359?
2026b362
In base 12, what is 72 + -1107293?
-1107221
In base 11, what is 1163 - -1aa9?
3161
In base 2, what is -1110011101 - -1001011001000100000?
1001010111010000011
In base 7, what is -33 - -5646333?
5646300
In base 11, what is 686 - -3aa16?
405a1
In base 10, what is 1577991 + 9?
1578000
In base 7, what is 54 - 1115222456?
-1115222402
In base 11, what is 27097313 - -4?
27097317
In base 5, what is -1 + -30100030431?
-30100030432
In base 9, what is -34400110 + 5?
-34400104
In base 12, what is -1663 + -3767?
-520a
In base 11, what is -5 - 80896a3?
-80896a8
In base 10, what is 151697 - 125?
151572
In base 10, what is -16025 - 132?
-16157
In base 3, what is 121202021011110 + 12?
121202021011122
In base 10, what is -2 - 404863?
-404865
In base 3, what is 21 + -121222001011222?
-121222001011201
In base 5, what is -121142334134 - 10?
-121142334144
In base 12, what is 4a97 + 17067?
1bb42
In base 5, what is -3012140031 + -10?
-3012140041
In base 9, what is 617 - -2426217?
2426835
In base 4, what is -11 + 12311121021012?
12311121021001
In base 5, what is 1 + -220030243?
-220030242
In base 5, what is 32142120 - 4?
32142111
In base 8, what is 1231523 + 3?
1231526
In base 7, what is -100 - 620121123?
-620121223
In base 15, what is -15 + -717b0?
-717c5
In base 14, what is ba + -66b3c?
-66a62
In base 8, what is 1 - -3643743?
3643744
In base 7, what is 423662045 + 10?
423662055
In base 3, what is -1122000222220202 + 10?
-1122000222220122
In base 10, what is 4 - 14275674?
-14275670
In base 5, what is 2242104 - -333?
2242442
In base 14, what is b + -3acd5?
-3acc8
In base 12, what is -2b00 - -21b?
-28a1
In base 11, what is 3299248 - -3?
3299250
In base 14, what is 45 - -c4ba14?
c4ba59
In base 3, what is 21020200002 - 1002001?
21012121001
In base 10, what is -1220 - 3862?
-5082
In base 6, what is 42541 + 15524?
102505
In base 14, what is -9 + -2a99a8?
-2a99b3
In base 3, what is 11010121 + -222202?
10010212
In base 14, what is -92c + -aa89?
-b5b7
In base 14, what is 5d2882 + -2c?
5d2854
In base 12, what is 7795336 - -5?
779533b
In base 14, what is 10bd - -c111?
d1d0
In base 16, what is ec45 - a0?
eba5
In base 7, what is 653163650 - 4?
653163643
In base 12, what is -1128 - 4609?
-5735
In base 2, what is 11000001000001110 + -1110011011?
10111111001110011
In base 15, what is 3c - -124689?
1246c6
In base 5, what is 0 + -120203341?
-120203341
In base 11, what is 5 - -539279?
539283
In base 4, what is 320 - 31210220303?
-31210213323
In base 4, what is 130032323 + -33?
130032230
In base 3, what is 10102000 - 11200120?
-1021120
In base 10, what is 154092 - 233?
153859
In base 15, what is -2 + -910a5cb?
-910a5cd
In base 15, what is 8 + 88ea2d?
88ea36
In base 15, what is -a3e74 - -42e?
-a3a45
In base 13, what is 5 + 4b4240?
4b4245
In base 16, what is 37 + -193e6c?
-193e35
In base 4, what is 33103 - -32033122?
32132231
In base 6, what is -510304 - 120?
-510424
In base 13, what is -13734 + b9a?
-12867
In base 7, what is 444 + 3401304?
3402051
In base 16, what is 18 - -7d100?
7d118
In base 9, what is 3113 - -75814?
80027
In base 3, what is -11212010010220 - -11201?
-11212002222012
In base 13, what is -8 - 965403?
-96540b
In base 9, what is -1253521256 + 3?
-1253521253
In base 6, what is 52 + -223244042?
-223243550
In base 2, what is 111010110011110001101 + -1110?
111010110011101111111
In base 15, what is 1d + 166ea?
16718
In base 5, what is -2 - 343130140?
-343130142
In base 3, what is 2 + 21021022212221?
21021022220000
In base 2, what is -1100000001011011110111 + -1?
-1100000001011011111000
In base 3, what is -10 - -22110020022202?
22110020022122
In base 7, what is -21 - 113351031?
-113351052
In base 11, what is 2 - -9793a855?
9793a857
In base 16, what is -a4f9 - -dc?
-a41d
In base 6, what is 32204 + 14415?
51023
In base 8, what is 452 - -355055?
355527
In base 11, what is 381a4a + -1?
381a49
In base 12, what is 6 - -20b51b0?
20b51b6
In base 5, what is -12210 + 11242?
-413
In base 8, what is 66212570 - 3?
66212565
In base 2, what is -101011010110 - 1000011101100000?
-1001001000110110
In base 14, what is -21ac838 + -1d?
-21ac857
In base 4, what is 122021 + 10012213?
10200300
In base 9, what is -3008751551 + 2?
-3008751548
In base 4, what is -1231002011303 + 3?
-1231002011300
In base 15, what is -3d9 + 99d5?
95eb
In base 13, what is 518b0 - -10?
518c0
In base 15, what is -6 + -ead54?
-ead5a
In base 15, what is 3e26131 - 0?
3e26131
In base 6, what is -303353 + 41321?
-222032
In base 14, what is -1cb35328 + -5?
-1cb3532d
In base 13, what is 4264 - -7b6?
4a4a
In base 15, what is 1 + -171ecb40?
-171ecb3e
In base 16, what is -196d + 533f?
39d2
In base 8, what is -12543071 - -2?
-12543067
In base 16, what is -77679a8 + 5?
-77679a3
In base 12, what is 5 - -55680b?
556814
In base 6, what is 1 - -31334202553?
31334202554
In base 11, what is 171a42 - -53?
171a95
In base 14, what is 16 - -2a0c66?
2a0c7c
In base 2, what is -10100100010101101010 + 1011101?
-10100100010100001101
In base 5, what is -2434 - -2441101?
2433112
In b